 and 51.
51
Let x be (-5*8/(-20))/((-16)/(-72)). What is the highest common divisor of 24 and x?
3
Let w = -20910 + 20958. What is the highest common factor of 1458 and w?
6
Let i be ((6960/(-16))/(-15))/(1/111). What is the greatest common divisor of i and 116?
29
Suppose 5*i + 1510 = 5*v, -5*v + 7 = -13. Let d be (-20)/350*-7 + i/(-5). Calculate the greatest common factor of 160 and d.
20
Let p(q) = -q**3 + 13*q**2 - 16*q + 40. Let n be p(8). Calculate the highest common divisor of 348 and n.
116
Suppose 11*m - 1333 = -22*m + 2495. What is the highest common divisor of 4 and m?
4
Suppose 5*s = 2*g - 972, -9*s = 5*g - 10*s - 2430. Suppose -5*y + g = -249. What is the highest common factor of y and 21?
21
Suppose 2*o = -t + 31 - 7, 0 = -4*t - 2*o + 42. Calculate the highest common factor of t and 968.
2
Suppose -16674*w + 20433 = -16653*w. What is the highest common factor of w and 1807?
139
Let w = -67 - -98. Suppose 34*z = w*z + 42. Calculate the greatest common factor of 70 and z.
14
Let t(n) = -34*n - 2*n**2 - 19*n + 8*n - 6 + 8*n. Let x be t(-18). Calculate the greatest common factor of x and 204.
12
Let l(h) = 320*h**2 - 9*h + 1. Let m be l(1). Let u = -214 + m. Calculate the greatest common factor of u and 14.
14
Let q(c) = c**2 + c + 14. Let p be q(-6). What is the highest common factor of p and 9053?
11
Suppose -5*i + 49 + 21 = 0. Suppose -x = -o - 45, 5*x = -o - 3*o + 261. Calculate the highest common divisor of x and i.
7
Suppose 0 = -21*y + 4*y - 2176. Let l be (y/(-4))/(2/3). Let x = 2 + 10. Calculate the highest common divisor of x and l.
12
Let s = -32568 - -32948. Calculate the highest common divisor of s and 14.
2
Suppose -24*w + 10*w + 2464 = 0. Let b = -15 + 17. Suppose -136 = -3*v + h, -b*v - 4*h - 49 = -121. Calculate the highest common factor of v and w.
44
Suppose 11948 = 9*w - 7*w + 2*x, 23916 = 4*w - x. Calculate the highest common divisor of 98 and w.
98
Let a(d) = 242*d**3 + d**2 + 3*d - 2. Let u be a(1). Let o = u + -183. What is the greatest common factor of o and 244?
61
Let y(u) = 25*u + 76. Let r be y(-11). Let s = r + 202. Calculate the greatest common divisor of s and 2.
1
Let p(h) = 19*h**3 + 2*h**2 - 1. Let f be p(1). Let l be 38/(-10)*1 - (-21)/(-105). Let v be 8 + (-24)/(-6) + l. What is the highest common divisor of f and v?
4
Suppose 111*b = 37*b + 11 + 25963. What is the greatest common factor of 270 and b?
27
Let r(o) = -o**3 + 8*o**2 - 3*o + 32. Let g be r(8). Suppose -4*s - g = 0, 0 = -5*b - 8*s + 4*s + 1702. What is the greatest common divisor of b and 18?
18
Let c be (400/280)/(((-2)/7)/(-11 - -1)). What is the highest common divisor of 31850 and c?
50
Suppose 0 = -3860*l + 3870*l - 36960. Calculate the greatest common divisor of l and 36.
12
Suppose 9*c = 2*p - 119, -3*p + 166 = -4*c + 3*c. Suppose -4*n = -176 - 0. Calculate the highest common factor of p and n.
11
Let i(p) = p**2 + 4*p - 10. Let b be i(5). Let j be 21/b - (-24)/10. Let q be j - (2 + -2) - 2. What is the greatest common factor of q and 5?
1
Let j be (-2)/5 + (-185)/(-25). Let p be 33/j - (-8 - (-540)/70). What is the greatest common factor of 35 and p?
5
Let s be 0 + 9 + -4 - 3 - -19. Let c be s/(-12) - -2 - 75/(-20). Suppose c*h = u - 49, 5*u + 24 - 253 = 4*h. What is the greatest common factor of 9 and u?
9
Let l be 9*(4 + -13)/(-3). Let n = -23 + l. Suppose i + n*c - 39 = 0, -2*i + 20 + 70 = 4*c. Calculate the highest common factor of 17 and i.
17
Suppose -4*m - m - 5*c = -240, 3*m + c - 138 = 0. Let w be 5/(-1)*(-2 - -1). Calculate the greatest common factor of m and w.
5
Let p be (-660)/(-1)*(-865)/(-519). Calculate the greatest common factor of 44 and p.
44
Suppose 351*y - 338282 = 278*y. Calculate the highest common divisor of y and 42.
14
Suppose 42*c - 1705 = -13*c. What is the greatest common divisor of 372 and c?
31
Let v be (-790)/(-35) - 12/(-28). Suppose -v*u - 160 = -27*u. Let k = 34 + -18. Calculate the highest common factor of k and u.
8
Let i = 665 + -668. Let b be (-16)/i - (-530)/318. Suppose 0*u + 2*u - 14 = 0. Calculate the highest common factor of b and u.
7
Suppose -2*g + 80 = 5*p, 4*g - 27*p + 31*p - 196 = 0. Suppose -1760 = -5*r + 3*r. What is the greatest common divisor of r and g?
55
Let z = 7345 - 6253. What is the greatest common divisor of 8 and z?
4
Let g(u) = -1298*u + 6552. Let k be g(5). What is the highest common divisor of 62 and k?
62
Suppose o - 4*f - 27 = 0, -3*o - 4*f + 35 + 14 = 0. What is the greatest common factor of o and 50?
1
Let w be 176 + (-4 + 4)/2. Suppose 7*s - w = -29. Suppose -4*y + 20 = 0, -o - 2*y - 2*y = -41. Calculate the greatest common divisor of o and s.
21
Let o(y) = -197*y - 547. Let s be o(-5). What is the greatest common factor of 1460 and s?
146
Let q be ((-1)/((-2)/(-220)))/(15/(-30)). Suppose 4*s + j - q = 0, s + 55 = 2*s - 2*j. Suppose -63 = 24*p - 591. What is the greatest common factor of s and p?
11
Suppose 0 = -4*t - r - 6805, -t - 3*r - 1725 = 2*r. Let c = -953 - t. Calculate the greatest common factor of c and 83.
83
Suppose 3*f + 0 - 6 = -4*l, 2 = -2*l + f. Suppose l = -0*k - k, 2*k - 235 = -5*o. What is the greatest common factor of 1 and o?
1
Suppose -16 = 2*g - 32. Suppose -4*o - 4*x + 144 = 0, 0 = 3*o - g*o - x + 168. Suppose 0 = -d + 1 + 21. Calculate the highest common divisor of d and o.
11
Suppose -40 - 456 = 4*a. Let q = a + 126. Let i be (q*-5)/(14/(-70)). What is the greatest common divisor of i and 200?
50
Suppose 24*z = 58*z + 48*z - 6314. Calculate the greatest common divisor of z and 595.
7
Let l be 3/9 + ((-253299)/(-46))/((-27)/(-24)). Calculate the greatest common divisor of l and 55.
55
Let p be ((-51)/(-4) + 32/(-16))*44. Let f = p + -283. What is the greatest common divisor of f and 76?
38
Let v be (-153)/(-12)*4 + -3. Let d be (1 + 0)/(v/3072). Calculate the highest common divisor of d and 16.
16
Let i(o) = 7*o**2 + 14 - 2*o**2 - 35*o - 3*o**2. Let j be i(20). What is the highest common divisor of 152 and j?
38
Suppose 0 = 4*l + 15*l - 148 - 23. Let d = -99 - -186. Calculate the greatest common divisor of d and l.
3
Suppose 6862 = x - v, 2*x + 3*v = 3248 + 10456. Calculate the greatest common divisor of x and 108.
54
Let k be (-9)/1*(66 - 85). Calculate the greatest common factor of k and 144.
9
Suppose -4648 = -29*f + 25*f - 52*f. Calculate the greatest common factor of f and 14359.
83
Let m = 178 + -167. Suppose w = -5*b + 20, -2*w + 66 = 8*b - m*b. What is the highest common divisor of w and 45?
15
Let u(a) be the first derivative of -11*a**2/2 - 23*a + 1. Suppose -62 = 15*c + 133. Let f be u(c). Calculate the highest common factor of 48 and f.
24
Suppose -5*y + 3*w = -6162, -4*w - 3202 = -9*y + 7891. What is the greatest common divisor of y and 12?
3
Suppose 36*m = 42*m - 570. Suppose -3*s + 478 = -100*g + m*g, 2*g = -4*s + 620. Calculate the greatest common factor of 39 and s.
39
Let s = -41 + 133. Suppose -4*q - 5*p + 2 - 7 = 0, 4*p + 4 = -3*q. Let b be s - 7 - (q + (2 - 1)). What is the greatest common factor of b and 12?
12
Let g = -2 - -5. Suppose 202*p + 313*p - 14302 - 2693 = 0. Calculate the highest common divisor of p and g.
3
Let f be -3*(-2)/((-36)/(-174)). Suppose r - f = -2*r - 4*y, y = 2. What is the greatest common factor of 119 and r?
7
Let n(h) = 139*h - 124. Let g be n(1). Suppose -40 = -2*p - 5*r, p - 48 = -p - 3*r. What is the highest common divisor of p and g?
15
Suppose 7 = n + 3. Suppose 5*l - 34 = n*l. Let g be -7 + 11 - (-46 + -1). Calculate the highest common factor of g and l.
17
Let j be ((-63)/(-42) + 6)/((-6)/(-8)). Calculate the highest common factor of j and 8360.
10
Suppose -84*i = -83*i + 7. Let f(l) be the first derivative of l**3 - 2*l**2 + 23*l - 3. Let b be f(i). Calculate the highest common factor of b and 9.
9
Let c(p) = -6*p - 13. Let n be c(-9). Suppose -36*a + n*a - 30 = 0. Let x be ((-9)/a)/((-9)/120). Calculate the highest common factor of x and 160.
20
Suppose 28*i = 4*t + 30*i - 246, -5*t = -2*i - 294. Calculate the greatest common factor of t and 2580.
60
Let f(c) = -c**2 - 7*c. Let d be f(-6). Suppose 4*p - 2*j = 44, -7*p + 16 = -5*p - 4*j. Suppose 20*w + p = 24*w. Calculate the highest common factor of d and w.
3
Suppose -25 = -3*q - 2*q. Let k(w) = 2 - 2*w**3 - 2*w + 3*w**3 +